 + 15, 2*y + 17 = -5*g. What is l(y)?
1
Suppose 0 = 2*c - 4 - 2. Let j(q) = c*q + 0*q - q**3 - 3 - 2*q**2 + 2*q. Let g(n) = -3*n - 55. Let v be g(-17). Calculate j(v).
9
Let v(s) = s**2 - 7*s + 7. Let u be 2 - 20/(-5) - 0. What is v(u)?
1
Let m(j) = 4*j**3 - 6*j + 11. Suppose -3*i + 0*i + 15 = 0. Let u(d) = 3*d**3 + d**2 - 5*d + 10. Let n(g) = i*u(g) - 4*m(g). Give n(5).
1
Let n = 17 + -23. Let v = n - -5. Let t(j) = -j**2 - 1. Give t(v).
-2
Let r(m) = 0*m + 0 + 4 + 2 + m. What is r(0)?
6
Let d = 18 - 18. Let j(z) be the third derivative of -2*z**2 + 0*z + 0*z**4 - 1/6*z**3 - 1/30*z**5 + d + 1/120*z**6. What is j(2)?
-1
Let v(s) = s**2 - 1. Let f(b) = b**2 + 15*b + 15. Let r be f(-14). Let c = 4 + -2. Suppose -r + 3 = -c*j. What is v(j)?
0
Let f(u) = -4*u**3 - u**2 + 1. Suppose 4*q = 4*w + 21 - 1, -2*w + 3*q = 14. What is f(w)?
4
Let c(p) = 69 - 209 - 2*p**2 + 68 - 2*p + 69. Give c(-2).
-7
Suppose 4*c + 1 + 3 = 0. Let j(y) = 2 - 4 - 7*y + 3. Determine j(c).
8
Let b(t) = 1 + 3*t**2 - 3*t**3 - 3*t + 3 + 2*t**3. Let h be ((-4)/10)/(4/(-40)). Suppose -3*a = -h*a + 3. What is b(a)?
-5
Suppose 3*z - 4 = 2. Let k(f) = -f**2 + f - 1. Give k(z).
-3
Let z(n) = -4*n**2 - 4*n - 3. Let m(d) = -3*d**2 - 4*d - 3. Let h(t) = -5*m(t) + 4*z(t). Calculate h(4).
3
Suppose 9 = 5*u - 26. Let o = 10 - u. Let v(s) = -o*s**3 - 3*s**2 + 3 - 2 + s**3. Calculate v(-2).
5
Let f(w) = 2*w**2 - 1. Let u(x) = 4*x - 6. Let v be u(5). Let h = -13 + v. Calculate f(h).
1
Let q(y) = y**3 + 4*y**2 + 2*y - 1. Let g(c) = c**2 + 4*c - 4. Suppose 6 = -4*k + 7*k, -3*k = 5*u - 26. Let m be g(u). Let a be (-26)/8 - (-7)/m. Give q(a).
2
Suppose -2*i + 3*i - 8 = 0. Let q = -6 + i. Let g = q + -4. Let k(h) = -2*h**2 - 2*h - 1. Determine k(g).
-5
Let t(o) = -9*o - 6. Let h(j) = 7*j + 5. Let w(r) = -4*h(r) - 3*t(r). Calculate w(7).
-9
Let l(i) = -12*i**3 - 5*i + 29*i**3 + 4 - 2*i**2 - 16*i**3. Give l(3).
-2
Let w(d) = -8*d - 1. Let g = 199 + -200. Calculate w(g).
7
Let d(o) be the second derivative of 0 + 1/12*o**4 - 1/6*o**3 - 2*o**2 - 8*o. What is d(0)?
-4
Let p(h) = -h**3 + 5*h**2 - 6*h + 3. Suppose -4*m + 0*f + 5*f + 44 = 0, -m + 26 = -5*f. Suppose -s = -m*s + 20. What is p(s)?
-5
Let k be 2/(-1 - -3)*(22 + -23). Let o(d) = 6*d - 1. Give o(k).
-7
Let s(y) = -3*y**2 - 2*y + 1. Let o(r) = r**2 + r - 1. Let u be o(-2). Determine s(u).
-4
Let o(p) = -8*p - 1. Let g be (0 + 3/(-3))*-5. Let z(r) = r + 1. Let b(t) = g*z(t) + o(t). Calculate b(3).
-5
Suppose 0 = w + 3*y + 1, 3*w + 4*y = 3*y + 5. Suppose -2*g - g + 6 = 0. Let z(u) = 50*u**2 - g + 0 - 51*u**2 + 3*u. Determine z(w).
0
Let f(y) = -y + 1. Let x(w) = -4*w + 1. Let d be x(3). Let u = -10 - d. What is f(u)?
0
Let q be (2 + -1)/((-1)/5). Let c(t) = -t**2 + 1. Let i(r) = r**2 - r - 2*r**2 + 5*r**2 - 2 - 3*r**2. Let f(d) = -6*c(d) - 5*i(d). Give f(q).
4
Let j(g) = -2 - g - 1 + 3. Let h(i) = -3*i. Let y(b) = -h(b) - 3*j(b). What is y(1)?
6
Let j = -3 + 10. Let m(z) = 3*z + 12. Let r(n) = -3*n - 11. Let a(t) = j*r(t) + 6*m(t). Calculate a(-4).
7
Let o(p) = -p**2 - p + 7. Let n(m) = -2*m - 45. Let q be n(-20). Give o(q).
-13
Let c(u) = u**3 + 10*u**2 + 8*u + 5. Let m be c(-9). Let l = -10 + m. Suppose -q = -l*q + 9. Let i(h) = -2*h - 2. Give i(q).
-8
Let j(f) = -5 - 28*f + 2 + 5 + 23*f. Determine j(3).
-13
Let o(g) = -3*g + 1 + 4 + 0. What is o(6)?
-13
Let q(j) = j**2 - 4*j + 1. Let h be q(4). Let u(m) = -3*m**3 + 9*m**3 + 1 + 2*m**3. Determine u(h).
9
Let m(x) = -x**3 - 4*x**2 - 2*x - 5. Let i be ((-1)/2)/(7/14). Let z be (-2*6)/(-3)*i. What is m(z)?
3
Let t(q) be the third derivative of q**6/120 + q**5/12 - q**3/2 + 21*q**2. Calculate t(-5).
-3
Let g(h) = -h**2 + 6*h - 5. Let q be g(4). Let w(u) be the third derivative of -1/20*u**5 + 1/3*u**3 + 0*u + 0*u**4 - 2*u**2 + 1/120*u**6 + 0. Give w(q).
2
Let j = -231/2 - -119. Let n(f) be the second derivative of -j*f**2 - 1/12*f**4 + f**3 + 2*f + 0. What is n(5)?
-2
Let r(w) be the first derivative of 5/3*w**3 - 2 + 0*w + 0*w**2. Calculate r(1).
5
Let q(u) = -u - 9. Suppose -8*y - 24 = -4*y. Determine q(y).
-3
Let x(f) = 6*f - 5*f - 1506288 + 1506295. Let y = 6 - 4. Let k(w) = -2*w - 2. Let z be k(y). Determine x(z).
1
Let d = -5 - -8. Let y(v) = 0 - v + d - 7. Give y(-3).
-1
Let d(q) = -6*q**3 + q**2 + 6*q + 2. Let z(b) = 5*b**3 - 2*b**2 - 5*b - 2. Let a(r) = -4*d(r) - 5*z(r). Determine a(6).
8
Let i(v) = -3 - 2*v**2 - v**3 - 2*v**2 + 15*v - 15*v. Suppose -2*x - 2*x = 2*a - 68, 0 = -5*x + 2*a + 94. Let w be -6*3/(x/4). Determine i(w).
-3
Let x(v) = 3*v - 7. Let k(t) = 3*t - 6. Let u(o) = -3*k(o) + 2*x(o). Suppose 2*n = -3*y + 13, -2*n + n = -2*y + 4. Determine u(y).
-5
Let k(z) = -9*z. Suppose 4*m = -2*c - m - 18, c + m = -3. Calculate k(c).
-9
Let h(u) = -2*u + u - 3 - u + u**2 + u. Determine h(3).
3
Let b(f) = f - 6*f + 3*f - 5. Calculate b(-5).
5
Let a = 130 - 136. Let m(b) be the third derivative of -b**6/120 - b**5/10 + b**4/12 + b**3/2 - 2*b**2. Determine m(a).
-9
Let x = -2 - -1. Let w(s) = 5*s**3 + 4*s**2 + 2. Let q(j) = 10*j**3 + 7*j**2 + 3. Let v(d) = -3*q(d) + 5*w(d). Determine v(x).
5
Let r(k) = -k**3 - 7*k**2 - 5*k + 8. Let h be r(-6). Let a(z) = 4 + 2*z**2 + 4 - 14 + 5. Give a(h).
7
Let o(x) = x + 16. Let t(c) be the first derivative of -c**2 - 24*c + 4. Let i(z) = 8*o(z) + 5*t(z). What is i(6)?
-4
Let g(u) = -u - 8. Let a(s) = 5*s - 19. Let v be a(3). Calculate g(v).
-4
Let q(a) = -a**2 + 2. Suppose -f + 33 = -4*s - 4*f, 2*f - 24 = 5*s. Let n = s - -10. Suppose -2*l = 4*r - r - 6, 4*r = -n*l + 8. Calculate q(r).
-2
Suppose 0 = -4*v + h - 17, 0*v + 17 = -v - 4*h. Let c(l) = l + 3. Give c(v).
-2
Let w(o) = -o**2 + 3*o + 4. Let c be w(3). Let x(r) = -r**2 - c*r - 2*r - 14 + 15. Give x(-4).
9
Let r(s) = -s - 9. Let l(n) = -3*n + 3. Let y be l(3). Let j be (-45)/y*(-8)/10. Determine r(j).
-3
Let x(i) = i + 3. Suppose 4*w = b - 8, 2*b + 3*w + 2 + 15 = 0. Let c be x(b). Let r be (c/2)/((-1)/(-2)). Let a(z) = -6*z**2 - 2*z - 1. Determine a(r).
-5
Let i(b) = -b. Let c be i(-4). Let l(v) = -3*v + v**2 - 1 + v**3 + 3 + c*v. Give l(-2).
-4
Let o(t) = t + 3. Let b = -25 + 28. Let y be (b/6)/(1/(-12)). Determine o(y).
-3
Let q(j) = 15*j**3 - 9*j**2 + 4*j + 3. Let w(h) = -22*h**3 + 14*h**2 - 6*h - 5. Let a(o) = 8*q(o) + 5*w(o). Give a(1).
9
Let h(t) = -7*t. Let o(r) = r. Let k(s) = -h(s) - 6*o(s). Let m(w) = -2*w - 30. Let x be m(-16). Calculate k(x).
2
Let b(x) = -x + 1. Let i(y) = y**2 + 1. Let c(v) = -6*b(v) + i(v). Let d = -16 - -10. Give c(d).
-5
Let z be (-3)/1*(-1 + 0). Let r(n) be the first derivative of n**2/2 - 2. Let d(o) = -o - 6. Let l(y) = -d(y) - 2*r(y). Calculate l(z).
3
Suppose -2*u = u. Let y(h) = h**2 + 6*h + u*h - h. Give y(-5).
0
Let d(j) = -j**3 + 8*j**2 - 2*j + 18. Let k be d(8). Let t(b) = 5*b**2 - b - 2. Give t(k).
16
Let c(j) = j - 4. Let r(w) = w**3 - 6*w**2 - w. Let x be r(6). Give c(x).
-10
Let a(w) = -w**2 - 3*w - 1. Let b(k) = -k**3 + 13*k**2 - 12*k - 4. Let n be b(12). Calculate a(n).
-5
Let x(y) = 3 - 8*y + 28*y - 18*y. Give x(4).
11
Suppose -101 = -4*d - 5*v, -3*d + 3*v + 33 = -36. Suppose 3*w - 5*w - 10 = 0, 0 = -3*q + 3*w + d. Let g(k) = 0*k**3 + k**3 + q*k**2 + 5*k - 2*k. Give g(-2).
-2
Let b(s) = 2*s - 2*s - 4*s + 3*s. Give b(-4).
4
Let q(j) = 2*j**3 - j**2 - 7*j + 1. Suppose 0 = -5*p + 2*p + 21. Let w(d) = -3*d**3 + 2*d**2 + 11*d - 2. Let m(n) = p*q(n) + 5*w(n). What is m(4)?
5
Suppose -12*p - 10 = -14*p. Let f(o) = -o**2 + 5*o - 1. Let m be f(p). Let v(u) = -6*u. What is v(m)?
6
Let v(p) be the third derivative of -p**9/60480 - p**8/3360 + p**7/2520 + p**6/90 + p**5/10 - 6*p**2. Let a(h) be the third derivative of v(h). What is a(-6)?
-4
Let i(z) be the second derivative of z**5/20 - 3*z**4/4 + z**2/2 - 7*z. Calculate i(9).
1
Let j(k) = -k + 3. Suppose 10*p = 7*p. Give j(p).
3
Let i(a) = a - 9. Let t(r) = 1. Let g(j) = i(j) + 2*t(j). Let s(h) = -h**3 - h**2 + 6*h + 3. Let m be s(-3). Suppose m*d + 6 = 4*d. What is g(d)?
-1
Suppose -7 + 35 = 4*s. Suppose 0 = s*m - m. Let y(k) = -k + 5. What is y(m)?
5
Let f(v) = 2*v**2 + v + 1. Let m be (3*1)/((-68)/8 - -7). Calculate f(m).
7
Let u(z) = -2*z**2 + 3*z. Suppose -d = -6*d + 10. Calculate u(d).
-2
Let j(v) = -v**2 + 5*v - 4. Let c be j(5). Let r(a) = -a - 1. Let d = -15 - -10. Let f(g) = 6*g + 3. Let k(l) = 